
48ac
In base 11, what is 0 + 1a29?
1a29
In base 14, what is -2 - 546c?
-5470
In base 14, what is -1 - -17bd?
17bc
In base 11, what is 13136 - 2?
13134
In base 13, what is 3 + b396?
b399
In base 2, what is 10100 + -110110110100101?
-110110110010001
In base 13, what is -16 + 4073?
405a
In base 16, what is -3dc6b + -3?
-3dc6e
In base 5, what is 1112 - -1042?
2204
In base 10, what is 93 - 429?
-336
In base 10, what is 21 - 6398?
-6377
In base 9, what is 3 - 108266?
-108263
In base 9, what is 3645 + 125?
3771
In base 7, what is -4223256 - 5?
-4223264
In base 16, what is -192d4f + 2?
-192d4d
In base 10, what is 157140 + -4?
157136
In base 6, what is -1220 + -1225?
-2445
In base 16, what is cd0 + d4?
da4
In base 6, what is -2414 + -104?
-2522
In base 7, what is -21 - -2032?
2011
In base 6, what is 211210 + 244?
211454
In base 7, what is 1033 - -5?
1041
In base 16, what is 8 + ecc?
ed4
In base 13, what is -5 - -37a2?
379a
In base 15, what is 1 + 45ab?
45ac
In base 16, what is 48 - -851?
899
In base 12, what is -17777 - -3?
-17774
In base 8, what is 3 + -235630?
-235625
In base 16, what is -34 - afa0?
-afd4
In base 8, what is 2311 - -50?
2361
In base 6, what is 124 + 510?
1034
In base 13, what is -26576 + 1?
-26575
In base 13, what is 19871 - -1?
19872
In base 2, what is 1001010 - 1101100000010?
-1101010111000
In base 10, what is -291 - 129?
-420
In base 10, what is -78676 + 4?
-78672
In base 15, what is da39 + -1?
da38
In base 16, what is 4c72 + 3?
4c75
In base 11, what is -4848 - 2?
-484a
In base 9, what is -4 - 146328?
-146333
In base 3, what is 21 + 1100111?
1100202
In base 9, what is -111244 + -1?
-111245
In base 5, what is 134 + -204204?
-204020
In base 16, what is -833 - 13?
-846
In base 9, what is -20 - 1774?
-1804
In base 12, what is -a6118 + -3?
-a611b
In base 4, what is 2312231 - -10?
2312301
In base 5, what is 2443 + 22?
3020
In base 5, what is 3 - 3041313?
-3041310
In base 2, what is -1101 + 10000011010?
10000001101
In base 4, what is -31222002 - 3?
-31222011
In base 15, what is -19e3e + 4?
-19e3a
In base 11, what is -1634 - -3aa?
-1235
In base 8, what is 226357 + 0?
226357
In base 6, what is 201 + 1011002?
1011203
In base 14, what is 6 + 482db?
48303
In base 10, what is 630 + 27?
657
In base 5, what is 22310400 - -30?
22310430
In base 3, what is -1212 - 120201120?
-120210102
In base 9, what is 2 + 425822?
425824
In base 14, what is -2 - 10867?
-10869
In base 10, what is -53826 + -4?
-53830
In base 15, what is -4 - -255c4?
255c0
In base 6, what is 125 - -223150?
223315
In base 6, what is -221533 + -22?
-221555
In base 16, what is 91 + -198?
-107
In base 3, what is -20 - 2012021?
-2012111
In base 6, what is -3031421 - 0?
-3031421
In base 16, what is -78 + d46?
cce
In base 5, what is -24012441 - 2?
-24012443
In base 5, what is 440 + 134301?
140241
In base 11, what is -18 - 1067?
-1084
In base 16, what is -3 + db28?
db25
In base 9, what is 20412 - 48?
20353
In base 6, what is -33 + -301121?
-301154
In base 9, what is 14 - -1551?
1565
In base 11, what is -a862 + 3?
-a85a
In base 12, what is 6b8 - -98b?
1487
In base 16, what is d8 - -86?
15e
In base 14, what is -402b - -5?
-4026
In base 11, what is 605 + 39a?
9a4
In base 9, what is 2 + -16718?
-16716
In base 12, what is -4 - -1516?
1512
In base 7, what is 100502 + 0?
100502
In base 9, what is -10 + -100101?
-100111
In base 15, what is 1d + 3624?
3642
In base 14, what is 4 - 19c0d3?
-19c0cd
In base 11, what is aa514 + -5?
aa50a
In base 16, what is 3 - 127fe9?
-127fe6
In base 3, what is 121020100 + 101?
121020201
In base 5, what is 42 - -3224330?
3224422
In base 3, what is 0 - 221010011211?
-221010011211
In base 12, what is -5 + 43b97?
43b92
In base 10, what is -35 + -45429?
-45464
In base 11, what is 15990 - -9?
15999
In base 9, what is 241 + -837?
-586
In base 2, what is 1000101110110110 + 11?
1000101110111001
In base 12, what is -1b847 + -1?
-1b848
In base 6, what is 340 - 1531?
-1151
In base 14, what is -2d9 - -5?
-2d4
In base 11, what is -9840 - 5?
-9845
In base 11, what is -1 - 6058?
-6059
In base 4, what is -10 - -21200231?
21200221
In base 13, what is -6a7 - -23?
-684
In base 13, what is 7 + -2a49?
-2a42
In base 4, what is -23320103 - 13?
-23320122
In base 4, what is -130301 - -100?
-130201
In base 12, what is 209 + -188?
41
In base 3, what is -20 + -20011022?
-20011112
In base 6, what is 11030401 + 4?
11030405
In base 14, what is -3a293 - d?
-3a2a2
In base 11, what is 5 + 5109?
5113
In base 11, what is 30942 + 2?
30944
In base 7, what is -532132 + -11?
-532143
In base 12, what is -38006 + 43?
-37b83
In base 4, what is 12023212 + -1?
12023211
In base 16, what is 5cd01 - 8?
5ccf9
In base 5, what is 140220110 + -3?
140220102
In base 6, what is 1503 - -1041?
2544
In base 8, what is 271 + 10506?
10777
In base 14, what is b + -993?
-986
In base 4, what is 11 - -100112111?
100112122
In base 13, what is 28 + 476?
4a1
In base 9, what is -376643 - -4?
-376638
In base 8, what is 5 - -2577223?
2577230
In base 15, what is 0 + 1a2785?
1a2785
In base 3, what is 1211 - 2001211?
-2000000
In base 2, what is -10101 - -110110000111000?
110110000100011
In base 3, what is -121 + -210112?
-211010
In base 16, what is 16 - -144?
15a
In base 3, what is 120111 - -2102202?
10000020
In base 6, what is 30 + -125241?
-125211
In base 16, what is 3 + 24048?
2404b
In base 3, what is 10 - -100120112?
100120122
In base 3, what is -1 + -20222122012?
-20222122020
In base 3, what is -110200020211 - 0?
-110200020211
In base 11, what is 560 + -16a?
3a1
In base 12, what is -54851 - -3?
-5484a
In base 15, what is -3 + 20c4?
20c1
In base 4, what is 332 + -3200?
-2202
In base 16, what is -5 - 57cf0?
-57cf5
In base 16, what is 387 - 162a?
-12a3
In base 12, what is 4b + -a5b7?
-a568
In base 10, what is 61 + 1331?
1392
In base 15, what is -a + -19703?
-1970d
In base 9, what is -123614 + 4?
-123610
In base 10, what is 2476906 - 4?
2476902
In base 8, what is 35425 - 41?
35364
In base 12, what is 7495 - -31?
7506
In base 14, what is -212 - 124?
-336
In base 4, what is 10313 - 1132?
3121
In base 2, what is -110100010100011 + 10?
-110100010100001
In base 13, what is a - b592?
-b585
In base 9, what is -208 + 103?
-105
In base 4, what is 23332 + 1232?
31230
In base 12, what is -25 + -20726?
-2074b
In base 7, what is 13 - -106164?
106210
In base 4, what is -1321310 - 12?
-1321322
In base 8, what is 6 + 15235?
15243
In base 11, what is 28746 + 145?
28890
In base 5, what is 4132 + -12034?
-2402
In base 12, what is -259 - 208?
-465
In base 7, what is 2 + -4234215?
-4234213
In base 8, what is -2631 - 47?
-2700
In base 10, what is 247 - 20344?
-20097
In base 5, what is -111 - -110222?
110111
In base 16, what is -17a2 - 5b?
-17fd
In base 12, what is -b + -b4782?
-b4791
In base 4, what is 220 + 122102?
122322
In base 3, what is -1011 + -1112222220?
-1120001001
In base 4, what is 110021 + 23?
110110
In base 13, what is b - -360a?
3618
In base 3, what is -2200001 - -101?
-2122200
In base 11, what is -31 + 1088?
1057
In base 15, what is -89d6 - 25?
-8a0b
In base 9, what is 8 - 3870?
-3861
In base 7, what is -1250 - -316?
-631
In base 14, what is -63 + -1420?
-1483
In base 10, what is -8 + -61012?
-61020
In base 8, what is 376541 + 4?
376545
In base 15, what is 5cca1 + -1?
5cca0
In base 13, what is -1 + 9131?
9130
In base 16, what is -3a + 24?
-16
In base 16, what is 2 - 9e72f?
-9e72d
In base 16, what is 5 - -1276?
127b
In base 12, what is 770 + 4a9?
1059
In base 12, what is 5 - -51660?
51665
In base 15, what is a2 + -5a?
47
In base 7, what is -3 - -441516?
441513
In base 7, what is 6 - 4665024?
-4665015
In base 9, what is -54110 - 4?
-54114
In base 7, what is -56 - -6116?
6030
In base 8, what is 251417 - 6?
251411
In base 9, what is 1685 + -224?
1461
In base 3, what is -1020120122 + -12?
-1020120211
In base 14, what is 66890c + 1?
66890d
In base 10, what is 3 + -115232?
-115229
In base 11, what is -1171 + 121a?
59
In base 10, what is -18065 + 19?
-18046
In base 13, what is 2 - 5a47?
-5a45
In base 13, what is 15c + -31?
12b
In base 12, what is 61 - -216?
277
In base 6, what is -154110 - 231?
-154341
In base 3, what is 2202201 - -1021222?
11001200
In base 3, what is -2001011 + 1100?
-1222211
In base 12, what is 1 - -1a568?
1a569
In base 12, what is